/*M!999999\- enable the sandbox mode */ 
-- MariaDB dump 10.19  Distrib 10.11.11-MariaDB, for debian-linux-gnu (x86_64)
--
-- Host: localhost    Database: GymFit
-- ------------------------------------------------------
-- Server version	10.11.11-MariaDB-0+deb12u1

/*!40101 SET @OLD_CHARACTER_SET_CLIENT=@@CHARACTER_SET_CLIENT */;
/*!40101 SET @OLD_CHARACTER_SET_RESULTS=@@CHARACTER_SET_RESULTS */;
/*!40101 SET @OLD_COLLATION_CONNECTION=@@COLLATION_CONNECTION */;
/*!40101 SET NAMES utf8mb4 */;
/*!40103 SET @OLD_TIME_ZONE=@@TIME_ZONE */;
/*!40103 SET TIME_ZONE='+00:00' */;
/*!40014 SET @OLD_UNIQUE_CHECKS=@@UNIQUE_CHECKS, UNIQUE_CHECKS=0 */;
/*!40014 SET @OLD_FOREIGN_KEY_CHECKS=@@FOREIGN_KEY_CHECKS, FOREIGN_KEY_CHECKS=0 */;
/*!40101 SET @OLD_SQL_MODE=@@SQL_MODE, SQL_MODE='NO_AUTO_VALUE_ON_ZERO' */;
/*!40111 SET @OLD_SQL_NOTES=@@SQL_NOTES, SQL_NOTES=0 */;

--
-- Table structure for table `answers`
--

DROP TABLE IF EXISTS `answers`;
/*!40101 SET @saved_cs_client     = @@character_set_client */;
/*!40101 SET character_set_client = utf8mb4 */;
CREATE TABLE `answers` (
  `answer_id` int(10) unsigned NOT NULL AUTO_INCREMENT,
  `profile_id` int(10) unsigned NOT NULL,
  `statement_id` smallint(5) unsigned NOT NULL,
  `score` tinyint(3) unsigned NOT NULL,
  PRIMARY KEY (`answer_id`) USING BTREE,
  KEY `fk_p` (`profile_id`) USING BTREE,
  KEY `fk_s` (`statement_id`) USING BTREE,
  CONSTRAINT `fk_p` FOREIGN KEY (`profile_id`) REFERENCES `profiles` (`profile_id`),
  CONSTRAINT `fk_s` FOREIGN KEY (`statement_id`) REFERENCES `statements` (`statement_id`)
) ENGINE=InnoDB AUTO_INCREMENT=661 DEFAULT CHARSET=latin1 COLLATE=latin1_swedish_ci ROW_FORMAT=DYNAMIC;
/*!40101 SET character_set_client = @saved_cs_client */;

--
-- Dumping data for table `answers`
--

LOCK TABLES `answers` WRITE;
/*!40000 ALTER TABLE `answers` DISABLE KEYS */;
INSERT INTO `answers` VALUES
(1,1,1,5),
(2,1,2,0),
(3,1,3,3),
(4,1,4,1),
(5,1,5,5),
(6,1,6,0),
(7,1,7,3),
(8,1,8,1),
(9,1,9,5),
(10,1,10,0),
(11,1,11,3),
(12,1,12,1),
(13,1,13,5),
(14,1,14,0),
(15,1,15,3),
(16,1,16,1),
(17,1,17,5),
(18,1,18,0),
(19,1,19,3),
(20,1,20,1),
(21,1,21,5),
(22,1,22,0),
(23,1,23,3),
(24,1,24,1),
(25,1,25,5),
(26,1,26,0),
(27,1,27,3),
(28,1,28,1),
(29,1,29,5),
(30,1,30,0),
(31,1,31,3),
(32,1,32,1),
(33,1,33,5),
(34,1,34,0),
(35,1,35,3),
(36,1,36,1),
(37,1,37,5),
(38,1,38,0),
(39,1,39,3),
(40,1,40,1),
(41,1,41,5),
(42,1,42,0),
(43,1,43,3),
(44,1,44,1),
(45,1,45,5),
(46,1,46,0),
(47,1,47,3),
(48,1,48,1),
(49,1,49,5),
(50,1,50,0),
(51,1,51,3),
(52,1,52,1),
(53,1,53,5),
(54,1,54,0),
(55,1,55,3),
(56,1,56,1),
(57,1,57,5),
(58,1,58,0),
(59,1,59,3),
(60,1,60,1),
(61,1,61,5),
(62,1,62,0),
(63,1,63,3),
(64,1,64,1),
(65,1,65,5),
(66,1,66,0),
(67,1,67,3),
(68,1,68,1),
(69,1,69,5),
(70,1,70,0),
(71,1,71,3),
(72,1,72,1),
(73,1,73,5),
(74,1,74,0),
(75,1,75,3),
(76,1,76,1),
(77,1,77,5),
(78,1,78,0),
(79,1,79,3),
(80,1,80,1),
(81,1,81,5),
(82,1,82,0),
(83,1,83,3),
(84,1,84,1),
(85,1,85,5),
(86,1,86,1),
(87,1,87,3),
(88,1,88,0),
(89,1,89,5),
(90,1,90,0),
(91,1,91,1),
(92,1,92,3),
(93,1,93,5),
(94,1,94,0),
(95,1,95,3),
(96,1,96,1),
(97,2,1,0),
(98,2,2,5),
(99,2,3,2),
(100,2,4,4),
(101,2,5,4),
(102,2,6,0),
(103,2,7,2),
(104,2,8,5),
(105,2,9,2),
(106,2,10,5),
(107,2,11,0),
(108,2,12,4),
(109,2,13,4),
(110,2,14,0),
(111,2,15,2),
(112,2,16,5),
(113,2,17,4),
(114,2,18,0),
(115,2,19,2),
(116,2,20,5),
(117,2,21,4),
(118,2,22,0),
(119,2,23,2),
(120,2,24,5),
(121,3,1,0),
(122,3,2,5),
(123,3,3,2),
(124,3,4,4),
(125,3,5,4),
(126,3,6,0),
(127,3,7,2),
(128,3,8,5),
(129,3,9,2),
(130,3,10,5),
(131,3,11,0),
(132,3,12,4),
(133,3,13,4),
(134,3,14,0),
(135,3,15,2),
(136,3,16,5),
(137,3,17,2),
(138,3,18,0),
(139,3,19,5),
(140,3,20,4),
(141,3,21,2),
(142,3,22,0),
(143,3,23,5),
(144,3,24,4),
(145,3,25,5),
(146,3,26,2),
(147,3,27,0),
(148,3,28,4),
(149,3,29,5),
(150,3,30,2),
(151,3,31,0),
(152,3,32,4),
(153,3,33,0),
(154,3,34,5),
(155,3,35,2),
(156,3,36,4),
(157,3,37,0),
(158,3,38,2),
(159,3,39,4),
(160,3,40,5),
(161,3,41,5),
(162,3,42,0),
(163,3,43,4),
(164,3,44,2),
(165,3,45,4),
(166,3,46,0),
(167,3,47,5),
(168,3,48,2),
(169,3,49,0),
(170,3,50,5),
(171,3,51,4),
(172,3,52,2),
(173,3,53,5),
(174,3,54,4),
(175,3,55,2),
(176,3,56,0),
(177,3,57,5),
(178,3,58,2),
(179,3,59,0),
(180,3,60,4),
(181,3,61,0),
(182,3,62,4),
(183,3,63,5),
(184,3,64,2),
(185,3,65,0),
(186,3,66,4),
(187,3,67,5),
(188,3,68,2),
(189,3,69,2),
(190,3,70,4),
(191,3,71,0),
(192,3,72,5),
(193,3,73,4),
(194,3,74,5),
(195,3,75,0),
(196,3,76,2),
(197,3,77,5),
(198,3,78,0),
(199,3,79,2),
(200,3,80,4),
(201,3,81,5),
(202,3,82,2),
(203,3,83,4),
(204,3,84,0),
(205,3,85,2),
(206,3,86,0),
(207,3,87,5),
(208,3,88,4),
(209,3,89,4),
(210,3,90,5),
(211,3,91,2),
(212,3,92,0),
(213,3,93,4),
(214,3,94,0),
(215,3,95,2),
(216,3,96,5),
(217,4,1,0),
(218,4,2,5),
(219,4,3,1),
(220,4,4,4),
(221,4,5,4),
(222,4,6,0),
(223,4,7,1),
(224,4,8,5),
(225,4,9,1),
(226,4,10,5),
(227,4,11,0),
(228,4,12,4),
(229,4,13,4),
(230,4,14,0),
(231,4,15,2),
(232,4,16,5),
(233,4,17,1),
(234,4,18,0),
(235,4,19,5),
(236,4,20,4),
(237,4,21,1),
(238,4,22,0),
(239,4,23,5),
(240,4,24,4),
(241,4,25,5),
(242,4,26,1),
(243,4,27,0),
(244,4,28,4),
(245,4,29,5),
(246,4,30,1),
(247,4,31,0),
(248,4,32,4),
(249,4,33,0),
(250,4,34,5),
(251,4,35,1),
(252,4,36,4),
(253,4,37,0),
(254,4,38,1),
(255,4,39,4),
(256,4,40,5),
(257,4,41,5),
(258,4,42,0),
(259,4,43,4),
(260,4,44,1),
(261,4,45,4),
(262,4,46,0),
(263,4,47,5),
(264,4,48,1),
(265,4,49,0),
(266,4,50,5),
(267,4,51,4),
(268,4,52,1),
(269,4,53,5),
(270,4,54,4),
(271,4,55,1),
(272,4,56,0),
(273,4,57,5),
(274,4,58,1),
(275,4,59,0),
(276,4,60,4),
(277,5,1,0),
(278,5,2,5),
(279,5,3,2),
(280,5,4,4),
(281,5,5,4),
(282,5,6,0),
(283,5,7,2),
(284,5,8,5),
(285,5,9,2),
(286,5,10,5),
(287,5,11,0),
(288,5,12,4),
(289,5,13,4),
(290,5,14,0),
(291,5,15,2),
(292,5,16,5),
(293,5,17,2),
(294,5,18,0),
(295,5,19,5),
(296,5,20,4),
(297,5,21,2),
(298,5,22,0),
(299,5,23,5),
(300,5,24,4),
(301,5,25,5),
(302,5,26,2),
(303,5,27,0),
(304,5,28,4),
(305,5,29,5),
(306,5,30,2),
(307,5,31,0),
(308,5,32,4),
(309,5,33,0),
(310,5,34,5),
(311,5,35,2),
(312,5,36,4),
(313,5,37,0),
(314,5,38,2),
(315,5,39,4),
(316,5,40,5),
(317,5,41,5),
(318,5,42,0),
(319,5,43,4),
(320,5,44,2),
(321,5,45,4),
(322,5,46,0),
(323,5,47,5),
(324,5,48,2),
(325,5,49,0),
(326,5,50,5),
(327,5,51,4),
(328,5,52,2),
(329,5,53,5),
(330,5,54,4),
(331,5,55,2),
(332,5,56,0),
(333,5,57,5),
(334,5,58,2),
(335,5,59,0),
(336,5,60,4),
(337,5,61,0),
(338,5,62,4),
(339,5,63,5),
(340,5,64,2),
(341,5,65,0),
(342,5,66,4),
(343,5,67,5),
(344,5,68,2),
(345,5,69,2),
(346,5,70,4),
(347,5,71,0),
(348,5,72,5),
(349,5,73,4),
(350,5,74,5),
(351,5,75,0),
(352,5,76,2),
(353,5,77,5),
(354,5,78,0),
(355,5,79,2),
(356,5,80,4),
(357,5,81,5),
(358,5,82,2),
(359,5,83,4),
(360,5,84,0),
(361,5,85,2),
(362,5,86,0),
(363,5,87,5),
(364,5,88,4),
(365,5,89,4),
(366,5,90,5),
(367,5,91,1),
(368,5,92,0),
(369,5,93,4),
(370,5,94,0),
(371,5,95,2),
(372,5,96,5),
(373,6,1,0),
(374,6,2,5),
(375,6,3,2),
(376,6,4,4),
(377,6,5,4),
(378,6,6,0),
(379,6,7,2),
(380,6,8,5),
(381,6,9,2),
(382,6,10,5),
(383,6,11,0),
(384,6,12,4),
(385,6,13,4),
(386,6,14,0),
(387,6,15,2),
(388,6,16,5),
(389,6,17,2),
(390,6,18,0),
(391,6,19,5),
(392,6,20,4),
(393,6,21,2),
(394,6,22,0),
(395,6,23,5),
(396,6,24,4),
(397,6,25,5),
(398,6,26,2),
(399,6,27,0),
(400,6,28,4),
(401,6,29,5),
(402,6,30,2),
(403,6,31,0),
(404,6,32,4),
(405,6,33,0),
(406,6,34,5),
(407,6,35,2),
(408,6,36,4),
(409,6,37,0),
(410,6,38,2),
(411,6,39,4),
(412,6,40,5),
(413,6,41,5),
(414,6,42,0),
(415,6,43,4),
(416,6,44,2),
(417,6,45,4),
(418,6,46,0),
(419,6,47,5),
(420,6,48,2),
(421,6,49,0),
(422,6,50,5),
(423,6,51,4),
(424,6,52,2),
(425,6,53,5),
(426,6,54,4),
(427,6,55,2),
(428,6,56,0),
(429,6,57,5),
(430,6,58,2),
(431,6,59,0),
(432,6,60,4),
(433,6,61,0),
(434,6,62,4),
(435,6,63,5),
(436,6,64,2),
(437,6,65,0),
(438,6,66,4),
(439,6,67,5),
(440,6,68,2),
(441,6,69,2),
(442,6,70,4),
(443,6,71,0),
(444,6,72,5),
(445,6,73,4),
(446,6,74,5),
(447,6,75,0),
(448,6,76,2),
(449,6,77,5),
(450,6,78,0),
(451,6,79,2),
(452,6,80,4),
(453,6,81,5),
(454,6,82,2),
(455,6,83,4),
(456,6,84,0),
(457,6,85,2),
(458,6,86,0),
(459,6,87,5),
(460,6,88,4),
(461,6,89,4),
(462,6,90,5),
(463,6,91,2),
(464,6,92,0),
(465,6,93,4),
(466,6,94,0),
(467,6,95,2),
(468,6,96,5),
(469,7,1,0),
(470,7,2,5),
(471,7,3,4),
(472,7,4,2),
(473,7,5,0),
(474,7,6,5),
(475,7,7,2),
(476,7,8,3),
(477,7,9,0),
(478,7,10,4),
(479,7,11,3),
(480,7,12,5),
(481,7,13,5),
(482,7,14,4),
(483,7,15,2),
(484,7,16,0),
(485,7,17,5),
(486,7,18,0),
(487,7,19,3),
(488,7,20,4),
(489,7,21,3),
(490,7,22,4),
(491,7,23,0),
(492,7,24,5),
(493,7,25,4),
(494,7,26,3),
(495,7,27,0),
(496,7,28,5),
(497,7,29,0),
(498,7,30,3),
(499,7,31,4),
(500,7,32,5),
(501,7,33,3),
(502,7,34,0),
(503,7,35,4),
(504,7,36,5),
(505,7,37,4),
(506,7,38,0),
(507,7,39,5),
(508,7,40,3),
(509,7,41,0),
(510,7,42,4),
(511,7,43,5),
(512,7,44,3),
(513,7,45,0),
(514,7,46,3),
(515,7,47,5),
(516,7,48,4),
(517,7,49,0),
(518,7,50,5),
(519,7,51,4),
(520,7,52,3),
(521,7,53,4),
(522,7,54,5),
(523,7,55,3),
(524,7,56,0),
(525,7,57,5),
(526,7,58,2),
(527,7,59,4),
(528,7,60,0),
(529,7,61,2),
(530,7,62,5),
(531,7,63,4),
(532,7,64,0),
(533,7,65,0),
(534,7,66,5),
(535,7,67,2),
(536,7,68,4),
(537,7,69,4),
(538,7,70,3),
(539,7,71,0),
(540,7,72,5),
(541,7,73,1),
(542,7,74,4),
(543,7,75,5),
(544,7,76,0),
(545,7,77,5),
(546,7,78,4),
(547,7,79,0),
(548,7,80,2),
(549,7,81,0),
(550,7,82,5),
(551,7,83,2),
(552,7,84,3),
(553,7,85,0),
(554,7,86,3),
(555,7,87,5),
(556,7,88,4),
(557,7,89,5),
(558,7,90,0),
(559,7,91,3),
(560,7,92,4),
(561,7,93,5),
(562,7,94,2),
(563,7,95,1),
(564,7,96,0),
(565,8,1,0),
(566,8,2,5),
(567,8,3,3),
(568,8,4,2),
(569,8,5,0),
(570,8,6,4),
(571,8,7,5),
(572,8,8,2),
(573,8,9,0),
(574,8,10,3),
(575,8,11,4),
(576,8,12,5),
(577,8,13,5),
(578,8,14,1),
(579,8,15,2),
(580,8,16,0),
(581,8,17,5),
(582,8,18,0),
(583,8,19,3),
(584,8,20,4),
(585,8,21,5),
(586,8,22,3),
(587,8,23,0),
(588,8,24,4),
(589,8,25,5),
(590,8,26,1),
(591,8,27,0),
(592,8,28,4),
(593,8,29,0),
(594,8,30,4),
(595,8,31,3),
(596,8,32,5),
(597,8,33,4),
(598,8,34,0),
(599,8,35,3),
(600,8,36,5),
(601,8,37,3),
(602,8,38,4),
(603,8,39,0),
(604,8,40,5),
(605,8,41,0),
(606,8,42,4),
(607,8,43,5),
(608,8,44,2),
(609,8,45,0),
(610,8,46,3),
(611,8,47,5),
(612,8,48,4),
(613,8,49,0),
(614,8,50,5),
(615,8,51,4),
(616,8,52,2),
(617,8,53,0),
(618,8,54,5),
(619,8,55,4),
(620,8,56,2),
(621,8,57,4),
(622,8,58,0),
(623,8,59,5),
(624,8,60,2),
(625,8,61,2),
(626,8,62,4),
(627,8,63,5),
(628,8,64,0),
(629,8,65,0),
(630,8,66,4),
(631,8,67,5),
(632,8,68,3),
(633,8,69,0),
(634,8,70,3),
(635,8,71,4),
(636,8,72,5),
(637,8,73,2),
(638,8,74,4),
(639,8,75,5),
(640,8,76,0),
(641,8,77,5),
(642,8,78,4),
(643,8,79,2),
(644,8,80,0),
(645,8,81,0),
(646,8,82,5),
(647,8,83,2),
(648,8,84,3),
(649,8,85,4),
(650,8,86,3),
(651,8,87,0),
(652,8,88,5),
(653,8,89,5),
(654,8,90,4),
(655,8,91,0),
(656,8,92,1),
(657,8,93,5),
(658,8,94,3),
(659,8,95,0),
(660,8,96,4);
/*!40000 ALTER TABLE `answers` ENABLE KEYS */;
UNLOCK TABLES;

--
-- Table structure for table `profiles`
--

DROP TABLE IF EXISTS `profiles`;
/*!40101 SET @saved_cs_client     = @@character_set_client */;
/*!40101 SET character_set_client = utf8mb4 */;
CREATE TABLE `profiles` (
  `profile_id` int(10) unsigned NOT NULL AUTO_INCREMENT,
  `user_id` int(10) unsigned DEFAULT NULL,
  `created_at` timestamp NULL DEFAULT current_timestamp(),
  PRIMARY KEY (`profile_id`) USING BTREE
) ENGINE=InnoDB AUTO_INCREMENT=10 DEFAULT CHARSET=latin1 COLLATE=latin1_swedish_ci ROW_FORMAT=DYNAMIC;
/*!40101 SET character_set_client = @saved_cs_client */;

--
-- Dumping data for table `profiles`
--

LOCK TABLES `profiles` WRITE;
/*!40000 ALTER TABLE `profiles` DISABLE KEYS */;
INSERT INTO `profiles` VALUES
(1,NULL,'2025-07-10 17:19:02'),
(2,NULL,'2025-07-10 17:23:52'),
(3,NULL,'2025-07-10 17:28:07'),
(4,NULL,'2025-07-10 17:39:48'),
(5,NULL,'2025-07-10 19:16:42'),
(6,NULL,'2025-07-10 21:30:07'),
(7,NULL,'2025-07-11 22:51:44'),
(8,NULL,'2025-08-13 14:08:10'),
(9,NULL,'2025-08-13 14:47:52');
/*!40000 ALTER TABLE `profiles` ENABLE KEYS */;
UNLOCK TABLES;

--
-- Table structure for table `questions`
--

DROP TABLE IF EXISTS `questions`;
/*!40101 SET @saved_cs_client     = @@character_set_client */;
/*!40101 SET character_set_client = utf8mb4 */;
CREATE TABLE `questions` (
  `question_id` tinyint(3) unsigned NOT NULL,
  `question` text NOT NULL,
  PRIMARY KEY (`question_id`) USING BTREE
) ENGINE=InnoDB DEFAULT CHARSET=latin1 COLLATE=latin1_swedish_ci ROW_FORMAT=DYNAMIC;
/*!40101 SET character_set_client = @saved_cs_client */;

--
-- Dumping data for table `questions`
--

LOCK TABLES `questions` WRITE;
/*!40000 ALTER TABLE `questions` DISABLE KEYS */;
INSERT INTO `questions` VALUES
(1,'If you step into a new role at a company, what would be the first thing you would focus on?'),
(2,'If two of your team members are waged in a dispute, how would you approach it?'),
(3,'In a conflict situation with a colleague, what approach would you take?'),
(4,'What is your preferred method of sharing your knowledge with colleagues and/or clients?'),
(5,'Which approach to learning is your preferred choice?'),
(6,'What would motivate you to stay with the same organisation/business?'),
(7,'What kind of organisation/business are you drawn to working for or being part of?'),
(8,'What do you value most about yourself?'),
(9,'What would others say is your greatest talent?'),
(10,'What would others say is your greatest development area?'),
(11,'What brings you joy at work?'),
(12,'Which phrase best describes what you naturally look for within any situation?'),
(13,'How would others describe you?'),
(14,'If you have to make a decision under pressure, what approach would you take?'),
(15,'What reputation of you would be very dissatisfying?'),
(16,'Where might someone find you?'),
(17,'If you attend a function where you do not know a lot of people, what would you do?'),
(18,'Which compliment would make you feel recognised and appreciated?'),
(19,'In a tense discussion where you disagree with what is being said or decided, what would you do?'),
(20,'When you are coming towards the end of a big project, what do you relish about completing it?'),
(21,'How would you describe your CV?'),
(22,'What would influence your decision to leave an organisation/business?'),
(23,'How would you describe your role in team or work socials?'),
(24,'In a team meeting, what might others describe as your least productive behaviour?');
/*!40000 ALTER TABLE `questions` ENABLE KEYS */;
UNLOCK TABLES;

--
-- Table structure for table `statements`
--

DROP TABLE IF EXISTS `statements`;
/*!40101 SET @saved_cs_client     = @@character_set_client */;
/*!40101 SET character_set_client = utf8mb4 */;
CREATE TABLE `statements` (
  `statement_id` smallint(5) unsigned NOT NULL AUTO_INCREMENT,
  `question_id` tinyint(3) unsigned NOT NULL,
  `statement` text NOT NULL,
  `archetype` enum('Catalyst','Champion','Coach','Connector','Custodian','Cultivator','Conductor','Calibrator') NOT NULL,
  PRIMARY KEY (`statement_id`) USING BTREE,
  KEY `fk_q` (`question_id`) USING BTREE,
  CONSTRAINT `fk_q` FOREIGN KEY (`question_id`) REFERENCES `questions` (`question_id`)
) ENGINE=InnoDB AUTO_INCREMENT=97 DEFAULT CHARSET=latin1 COLLATE=latin1_swedish_ci ROW_FORMAT=DYNAMIC;
/*!40101 SET character_set_client = @saved_cs_client */;

--
-- Dumping data for table `statements`
--

LOCK TABLES `statements` WRITE;
/*!40000 ALTER TABLE `statements` DISABLE KEYS */;
INSERT INTO `statements` VALUES
(1,1,'Getting to grips with the reports, historical information and policies available','Conductor'),
(2,1,'Looking at what can be improved or immediate problems that can be solved','Catalyst'),
(3,1,'Understanding the day?to?day activities through experiencing and observing them','Custodian'),
(4,1,'Getting to know the team and what insights or needs they might have','Coach'),
(5,2,'Help them see the patterns of behaviour they keep repeating','Custodian'),
(6,2,'Get them to focus on the actual facts of the situation and avoid emotions','Conductor'),
(7,2,'Refocus them on the outcomes we are working towards','Catalyst'),
(8,2,'Get them to talk through how they feel so they can better support each other','Coach'),
(9,3,'To perceive how others understand the situation before I fully understand it myself','Custodian'),
(10,3,'To chat it through over coffee so that I really understand where the other is coming from','Coach'),
(11,3,'To analyse the situation until I understand it enough to talk about it','Conductor'),
(12,3,'To resolve the issue by quickly finding a solution and tackling it head?on','Catalyst'),
(13,4,'Doing short and high?energy presentations using exciting visual tools','Catalyst'),
(14,4,'Writing a report or developing a training guideline that others can run with','Conductor'),
(15,4,'Supporting a group where the group learns through what they collectively know and share','Custodian'),
(16,4,'Participating in highly?engaging group learning where I am actively involved with each person','Coach'),
(17,5,'Simulations, practical exercises and learning?by?doing','Custodian'),
(18,5,'Reports, manuals and written how?to guides','Conductor'),
(19,5,'Diagrams, charts and infographics','Catalyst'),
(20,5,'Audio, podcasts, asking questions and face?to?face training','Coach'),
(21,6,'A high degree of variety and flexibility in my work','Coach'),
(22,6,'Knowing where I am going within the organisation with clear and achievable options for growth','Conductor'),
(23,6,'A high degree of belonging with a tribe that has a shared motivation to do good','Custodian'),
(24,6,'A sense of achievement and/or being a recognised leader in my field','Catalyst'),
(25,7,'A new or young organisation or one that is unique or innovative','Catalyst'),
(26,7,'One whose mission I find important and meaningful','Custodian'),
(27,7,'One with established systems and processes that will support me to be effective','Conductor'),
(28,7,'One with a team who resonate with my values and inspire me','Coach'),
(29,8,'Being able to get others to work together well and excel as a team','Coach'),
(30,8,'Being able to achieve tangible results through persistence and commitment','Custodian'),
(31,8,'Being able to understand and analyse detailed and complex information','Conductor'),
(32,8,'Being able to come up with new ideas and effective solutions','Catalyst'),
(33,9,'Getting processes working optimally and efficiently','Custodian'),
(34,9,'Appreciating the feelings of the team and helping them to work together effectively','Coach'),
(35,9,'Having an accurate and realistic understanding of timing and interdependencies','Conductor'),
(36,9,'Having a broad vision and a bigger picture view of what is possible','Catalyst'),
(37,10,'To lift your focus from the task in front of you to appreciate the bigger purpose you are part of','Catalyst'),
(38,10,'To be more cognisant of people\'s feelings and the subtle human dynamics around you','Coach'),
(39,10,'To finish what you start on time and start only what is really critical for the whole team','Custodian'),
(40,10,'To pay more attention to detail and focus on one thing at a time','Conductor'),
(41,11,'Building and leading a team of successful and capable people','Coach'),
(42,11,'Ensuring the accuracy of information or the quality of the product/service','Conductor'),
(43,11,'Coming up with ideas and innovating','Catalyst'),
(44,11,'Managing and delivering projects within scope, time and budget','Custodian'),
(45,12,'The level of inspiration, excitement and commitment within the team','Coach'),
(46,12,'The detailed and interconnected parts of the bigger picture','Conductor'),
(47,12,'What is possible and the new opportunities available','Catalyst'),
(48,12,'The resources available to me and how to maximise those resources','Custodian'),
(49,13,'Organised and efficient','Conductor'),
(50,13,'Driven and busy','Catalyst'),
(51,13,'Friendly and fun','Coach'),
(52,13,'Consistent and patient','Custodian'),
(53,14,'To get input and opinions from others to see what they think','Coach'),
(54,14,'To quickly act on my gut feel of what I just know is the right step','Catalyst'),
(55,14,'To do some research on best practice and case studies on what others have done','Custodian'),
(56,14,'To gather past data, if available, and do a thorough analysis','Conductor'),
(57,15,'That you do not contribute any new ideas','Catalyst'),
(58,15,'That you are inconsistent and erratic','Custodian'),
(59,15,'That you are not able to solve complex problems','Conductor'),
(60,15,'That you are disinterested in other people','Coach'),
(61,16,'Engrossed in reading a long article in a technical journal','Conductor'),
(62,16,'At a course, seminar or online, learning something new','Catalyst'),
(63,16,'At a networking event where you can make new contacts','Coach'),
(64,16,'Fulfilling your daily routine and planned activities','Custodian'),
(65,17,'Keep to myself until I take in what is happening around me','Custodian'),
(66,17,'Make sure I seek out and speak to those whose help I most urgently need','Catalyst'),
(67,17,'Connect with a wide variety of people and have fun swapping details','Coach'),
(68,17,'Seek out those people I know and spend most of my time with them','Conductor'),
(69,18,'You are a pillar of strength and support','Custodian'),
(70,18,'You care so much about others','Coach'),
(71,18,'You are able to understand the detail no matter how complex','Conductor'),
(72,18,'Your ideas are incredible','Catalyst'),
(73,19,'Remind everyone on the common agreement areas before sharing my perception','Conductor'),
(74,19,'Make a humorous comment to defuse the situation and then share how I feel','Coach'),
(75,19,'Tackle the issue head?on – it is better to resolve it now than leave it','Catalyst'),
(76,19,'Remain quiet while thinking that I will deal with it later','Custodian'),
(77,20,'That you can start the next new project you have been itching to get going','Catalyst'),
(78,20,'That you will finally begin to see the fruits of your labours and the return on the investment','Conductor'),
(79,20,'That you can reward your team for all the hard work they have put in','Custodian'),
(80,20,'That you and the team can finally celebrate everything that you have achieved as a team','Coach'),
(81,21,'Strong emphasis on courses attended, education achieved, skills and awards','Catalyst'),
(82,21,'A focused working timeline with specific employer and/or project details','Conductor'),
(83,21,'A summary with many references and testimonials','Coach'),
(84,21,'Thorough and comprehensive, with specific results achieved in each position','Custodian'),
(85,22,'Never having enough time, resources and support to do your job well, so always fighting fires','Catalyst'),
(86,22,'Being uncertain as to whether there is a future for you – the organisation is not stable','Custodian'),
(87,22,'Not feeling connected to the people you work with and/or the culture does not value working together','Coach'),
(88,22,'Being bored with no challenges to solve or the organisation does not value trying new things','Conductor'),
(89,23,'Being the last to leave the social and enjoying making new friends within your team','Coach'),
(90,23,'Coming up with ideas for socials and instigating events','Catalyst'),
(91,23,'Sorting out all the details for events and making sure the budget is not overspent','Conductor'),
(92,23,'Planning the budget and all the logistics for events','Custodian'),
(93,24,'Coming up with new ideas that detract from the focused ideas already on the table','Custodian'),
(94,24,'Wanting to analyse data and research before commenting on a new idea','Coach'),
(95,24,'Not addressing the detail when it is appropriate to do so','Conductor'),
(96,24,'Expecting a project plan and timelines when the idea is still in formation','Catalyst');
/*!40000 ALTER TABLE `statements` ENABLE KEYS */;
UNLOCK TABLES;

--
-- Table structure for table `users`
--

DROP TABLE IF EXISTS `users`;
/*!40101 SET @saved_cs_client     = @@character_set_client */;
/*!40101 SET character_set_client = utf8mb4 */;
CREATE TABLE `users` (
  `user_id` int(10) unsigned NOT NULL AUTO_INCREMENT,
  `full_name` varchar(80) DEFAULT NULL,
  `email` varchar(120) DEFAULT NULL,
  `created_at` timestamp NULL DEFAULT current_timestamp(),
  PRIMARY KEY (`user_id`) USING BTREE
) ENGINE=InnoDB DEFAULT CHARSET=latin1 COLLATE=latin1_swedish_ci ROW_FORMAT=DYNAMIC;
/*!40101 SET character_set_client = @saved_cs_client */;

--
-- Dumping data for table `users`
--

LOCK TABLES `users` WRITE;
/*!40000 ALTER TABLE `users` DISABLE KEYS */;
/*!40000 ALTER TABLE `users` ENABLE KEYS */;
UNLOCK TABLES;
/*!40103 SET TIME_ZONE=@OLD_TIME_ZONE */;

/*!40101 SET SQL_MODE=@OLD_SQL_MODE */;
/*!40014 SET FOREIGN_KEY_CHECKS=@OLD_FOREIGN_KEY_CHECKS */;
/*!40014 SET UNIQUE_CHECKS=@OLD_UNIQUE_CHECKS */;
/*!40101 SET CHARACTER_SET_CLIENT=@OLD_CHARACTER_SET_CLIENT */;
/*!40101 SET CHARACTER_SET_RESULTS=@OLD_CHARACTER_SET_RESULTS */;
/*!40101 SET COLLATION_CONNECTION=@OLD_COLLATION_CONNECTION */;
/*!40111 SET SQL_NOTES=@OLD_SQL_NOTES */;

-- Dump completed on 2025-09-02 11:12:50
